
What is the units digit of 1253189?
9
What is the ten thousands digit of 389947?
8
What is the ten thousands digit of 12891300?
9
What is the millions digit of 1427848?
1
What is the ten thousands digit of 9111078?
1
What is the units digit of 212694?
4
What is the thousands digit of 614404?
4
What is the hundred thousands digit of 1699795?
6
What is the ten thousands digit of 326438?
2
What is the units digit of 2407481?
1
What is the thousands digit of 553970?
3
What is the millions digit of 2349802?
2
What is the units digit of 40340676?
6
What is the hundred thousands digit of 2646269?
6
What is the hundred thousands digit of 242510?
2
What is the ten thousands digit of 1806347?
0
What is the units digit of 1213876?
6
What is the hundred thousands digit of 7605784?
6
What is the thousands digit of 273745?
3
What is the hundred thousands digit of 8141409?
1
What is the tens digit of 213377?
7
What is the ten thousands digit of 979377?
7
What is the units digit of 10251024?
4
What is the units digit of 56741?
1
What is the ten thousands digit of 17542930?
4
What is the units digit of 193946?
6
What is the units digit of 574997?
7
What is the ten thousands digit of 285793?
8
What is the tens digit of 8331780?
8
What is the units digit of 1844459?
9
What is the ten thousands digit of 94944?
9
What is the tens digit of 243884?
8
What is the ten thousands digit of 2064844?
6
What is the hundreds digit of 124895?
8
What is the millions digit of 1474941?
1
What is the tens digit of 78198?
9
What is the units digit of 1877961?
1
What is the hundreds digit of 309352?
3
What is the hundreds digit of 284701?
7
What is the tens digit of 2210703?
0
What is the hundred thousands digit of 2573183?
5
What is the thousands digit of 630633?
0
What is the units digit of 592059?
9
What is the hundreds digit of 30917918?
9
What is the tens digit of 478515?
1
What is the hundreds digit of 1735628?
6
What is the units digit of 4728027?
7
What is the hundred thousands digit of 528818?
5
What is the ten thousands digit of 4289094?
8
What is the thousands digit of 1142329?
2
What is the thousands digit of 2708127?
8
What is the units digit of 797154?
4
What is the hundreds digit of 3287047?
0
What is the hundred thousands digit of 1480744?
4
What is the ten thousands digit of 9271216?
7
What is the thousands digit of 34689479?
9
What is the hundred thousands digit of 293787?
2
What is the millions digit of 1128383?
1
What is the ten thousands digit of 52048?
5
What is the hundred thousands digit of 384982?
3
What is the units digit of 4675046?
6
What is the thousands digit of 83533?
3
What is the hundreds digit of 1592159?
1
What is the tens digit of 13586886?
8
What is the thousands digit of 327190?
7
What is the ten thousands digit of 41344?
4
What is the hundreds digit of 302396?
3
What is the ten thousands digit of 150451?
5
What is the ten thousands digit of 860782?
6
What is the hundreds digit of 256045?
0
What is the hundreds digit of 70169?
1
What is the ten thousands digit of 5443027?
4
What is the hundreds digit of 325612?
6
What is the ten thousands digit of 20506?
2
What is the tens digit of 252665?
6
What is the hundred thousands digit of 282301?
2
What is the thousands digit of 186347?
6
What is the millions digit of 2746988?
2
What is the thousands digit of 5226508?
6
What is the tens digit of 24952?
5
What is the ten thousands digit of 180787?
8
What is the units digit of 185572?
2
What is the tens digit of 79416?
1
What is the hundreds digit of 753094?
0
What is the ten thousands digit of 259599?
5
What is the units digit of 7834549?
9
What is the millions digit of 10788543?
0
What is the hundreds digit of 314140?
1
What is the hundred thousands digit of 7180824?
1
What is the ten thousands digit of 7440780?
4
What is the tens digit of 182781?
8
What is the hundreds digit of 2719098?
0
What is the thousands digit of 77519?
7
What is the hundred thousands digit of 1993346?
9
What is the units digit of 429270?
0
What is the ten thousands digit of 104408?
0
What is the ten thousands digit of 2319306?
1
What is the hundreds digit of 1338059?
0
What is the ten thousands digit of 511996?
1
What is the ten thousands digit of 1028981?
2
What is the thousands digit of 1860019?
0
What is the hundred thousands digit of 493786?
4
What is the hundreds digit of 195051?
0
What is the thousands digit of 669130?
9
What is the hundreds digit of 1220164?
1
What is the millions digit of 23417897?
3
What is the tens digit of 260128?
2
What is the hundred thousands digit of 369561?
3
What is the hundreds digit of 14770572?
5
What is the units digit of 3877260?
0
What is the hundreds digit of 225758?
7
What is the hundreds digit of 2163296?
2
What is the millions digit of 5930335?
5
What is the units digit of 8589585?
5
What is the thousands digit of 585135?
5
What is the hundred thousands digit of 275320?
2
What is the units digit of 1853726?
6
What is the hundreds digit of 2088625?
6
What is the thousands digit of 339858?
9
What is the hundreds digit of 549629?
6
What is the hundreds digit of 5210795?
7
What is the units digit of 17083797?
7
What is the hundreds digit of 3737182?
1
What is the millions digit of 19436595?
9
What is the thousands digit of 337099?
7
What is the ten thousands digit of 430533?
3
What is the thousands digit of 1067193?
7
What is the tens digit of 140326?
2
What is the hundred thousands digit of 677836?
6
What is the units digit of 99480?
0
What is the ten millions digit of 23837310?
2
What is the thousands digit of 9655025?
5
What is the units digit of 70135?
5
What is the hundred thousands digit of 4293259?
2
What is the ten thousands digit of 3201167?
0
What is the thousands digit of 1157585?
7
What is the thousands digit of 203946?
3
What is the hundreds digit of 330716?
7
What is the ten thousands digit of 1276373?
7
What is the units digit of 101566?
6
What is the hundred thousands digit of 6397037?
3
What is the units digit of 2876687?
7
What is the hundreds digit of 375658?
6
What is the thousands digit of 7824795?
4
What is the units digit of 3510117?
7
What is the thousands digit of 75008?
5
What is the thousands digit of 295192?
5
What is the thousands digit of 4225892?
5
What is the tens digit of 248529?
2
What is the tens digit of 398076?
7
What is the units digit of 2865137?
7
What is the tens digit of 75587?
8
What is the thousands digit of 633080?
3
What is the thousands digit of 422966?
2
What is the units digit of 6062670?
0
What is the hundred thousands digit of 467847?
4
What is the thousands digit of 1366064?
6
What is the hundred thousands digit of 772543?
7
What is the ten thousands digit of 127996?
2
What is the tens digit of 227011?
1
What is the units digit of 498143?
3
What is the millions digit of 2552112?
2
What is the hundreds digit of 89613?
6
What is the tens digit of 1750138?
3
What is the thousands digit of 114016?
4
What is the hundreds digit of 164375?
3
What is the hundred thousands digit of 396535?
3
What is the ten thousands digit of 231257?
3
What is the hundred thousands digit of 2342639?
3
What is the hundreds digit of 9485976?
9
What is the ten thousands digit of 2188222?
8
What is the hundred thousands digit of 2494905?
4
What is the units digit of 35958?
8
What is the thousands digit of 6017284?
7
What is the millions digit of 1185954?
1
What is the hundreds digit of 215810?
8
What is the ten thousands digit of 368160?
6
What is the tens digit of 33667642?
4
What is the units digit of 52982?
2
What is the hundreds digit of 2656444?
4
What is the thousands digit of 475825?
5
What is the units digit of 278202?
2
What is the units digit of 199696?
6
What is the hundreds digit of 1223522?
5
What is the hundreds digit of 559654?
6
What is the ten thousands digit of 1338067?
3
What is the tens digit of 16063577?
7
What is the units digit of 5715318?
8
What is the thousands digit of 273236?
3
What is the hundreds digit of 354199?
1
What is the millions digit of 9358668?
9
What is the millions digit of 3096173?
3
What is the millions digit of 1123718?
1
What is the tens digit of 40931?
3
What is the thousands digit of 133644?
3
What is the tens digit of 93274?
7
What is the units digit of 618046?
6
Wh